{"id":615,"date":"2021-05-12T04:59:14","date_gmt":"2021-05-12T04:59:14","guid":{"rendered":"https:\/\/sfweb.notfalladmin.de\/index.php\/home\/"},"modified":"2025-10-20T12:54:46","modified_gmt":"2025-10-20T10:54:46","slug":"home","status":"publish","type":"page","link":"https:\/\/scriptum-factum.de\/","title":{"rendered":"Home"},"content":{"rendered":"\n<div class=\"wp-block-uagb-container uagb-block-297915d9 default uagb-is-root-container\"><div class=\"uagb-container__video-wrap\"><video autoplay loop muted playsinline><source src=\"https:\/\/sfweb.notfalladmin.de\/wp-content\/uploads\/2022\/10\/intro.mp4\" type=\"video\/mp4\"\/><\/video><\/div>\n<div class=\"wp-block-uagb-info-box uagb-block-88486ce6 uagb-infobox__content-wrap  uagb-infobox-icon-above-title uagb-infobox-image-valign-top\"><div class=\"uagb-ifb-content\"><div class=\"uagb-ifb-title-wrap\"><h1 class=\"uagb-ifb-title\">Fachkompetenz, Zuverl\u00e4ssigkeit, Diskretion und Qualit\u00e4t sind die Grundpfeiler meiner Arbeit<\/h1><\/div><div class=\"uagb-ifb-button-wrapper wp-block-button\"><a href=\"#\" class=\"uagb-infobox-cta-link wp-block-button__link\" target=\"_self\" rel=\"noopener noreferrer\" alt=\"\"><span class=\"uagb-inline-editing\">Kontakt aufnehmen<\/span><\/a><\/div><\/div><\/div>\n<\/div>\n\n\n\n<div class=\"wp-block-uagb-container uagb-block-475bb0d8 alignfull uagb-is-root-container\"><div class=\"uagb-container-inner-blocks-wrap\">\n<div class=\"wp-block-uagb-container uagb-block-962e939d\">\n<div class=\"wp-block-uagb-advanced-heading uagb-block-76674314\"><h2 class=\"uagb-heading-text\">Uta K\u00f6lle<\/h2><\/div>\n\n\n\n<div class=\"wp-block-uagb-image alignleft uagb-block-ea95daec wp-block-uagb-image--layout-default wp-block-uagb-image--effect-static wp-block-uagb-image--align-left\"><figure class=\"wp-block-uagb-image__figure\"><img decoding=\"async\" srcset=\"https:\/\/sfweb.notfalladmin.de\/wp-content\/uploads\/2022\/10\/uta.jpg \" src=\"https:\/\/sfweb.notfalladmin.de\/wp-content\/uploads\/2022\/10\/uta.jpg\" alt=\"\" class=\"uag-image-642\" width=\"202\" height=\"280\" title=\"\" loading=\"lazy\"\/><\/figure><\/div>\n<\/div>\n\n\n\n<div class=\"wp-block-uagb-container uagb-block-904a0d02\">\n<div class=\"wp-block-uagb-advanced-heading uagb-block-291a7c2a\"><h2 class=\"uagb-heading-text\">\u00dcber mich<\/h2><\/div>\n\n\n\n<p>Fachliche Kompetenzen habe ich zun\u00e4chst durch die Ausbildung zur Arzthelferin erworben.Viele Jahre erledigte ich den medizinischen Schriftverkehr einschlie\u00dflich Gutachten f\u00fcr die Rentenversicherungstr\u00e4ger und Sozialgerichte nach Phonodiktat.<br>W\u00e4hrend meiner darauf folgenden 16-j\u00e4hrigen T\u00e4tigkeit bei einem Rechtsanwalt war ich mit dem gesamten Schriftverkehr und allen anfallenden B\u00fcroarbeiten betraut.<br>Mit diesen Fachkenntnissen bin ich dann den Weg in die Selbstst\u00e4ndigkeit gegangen und kam so nach und nach zu meiner heutigen Spezialisierung mit den T\u00e4tigkeitsschwerpunkten forensische Psychiatrie, Psychotherapie, Psychosomatik, Betreuungsrecht, Orthop\u00e4die, Unfallgutachten sowie Schriftverkehr f\u00fcr Anwaltskanzleien.<\/p>\n<\/div>\n<\/div><\/div>\n\n\n\n<div class=\"wp-block-uagb-container uagb-block-3314a7ec alignfull uagb-is-root-container\"><div class=\"uagb-container-inner-blocks-wrap\"><\/div><\/div>\n\n\n\n<div class=\"wp-block-uagb-container uagb-block-f38a1470 alignfull uagb-is-root-container\"><div class=\"uagb-container-inner-blocks-wrap\"><\/div><\/div>\n\n\n\n<div class=\"wp-block-uagb-container uagb-block-58fecefc alignfull uagb-is-root-container\"><div class=\"uagb-container-inner-blocks-wrap\">\n<div class=\"wp-block-uagb-container uagb-block-70124c6d\">\n<div class=\"wp-block-uagb-advanced-heading uagb-block-72d3c031\"><h2 class=\"uagb-heading-text\">Schwerpunkte<\/h2><\/div>\n\n\n\n<ul class=\"wp-block-list\">\n<li>Forensische Psychiatrie:<br>Gutachten:\n<ul class=\"wp-block-list\">\n<li>zur Schuldf\u00e4higkeit (\u00a7\u00a7 20, 21 StGB)<\/li>\n\n\n\n<li>Strafvollstreckung und Stellungnahmen zu \u00a7\u00a7 56, 57 und 57a StGB sowie \u00a7 454 Abs. 2 StPO<\/li>\n\n\n\n<li>zu Ma\u00dfregeln der Besserung und Sicherung (\u00a7\u00a7 63&nbsp;ff. StGB)<\/li>\n\n\n\n<li>kriminalprognostische Sach- verst\u00e4ndigengutachten zur vorzeitigen Entlassung<\/li>\n\n\n\n<li>zu Vollzugslockerungen im Strafvollzug nach \u00a7\u00a7 11,13 StVollzG<\/li>\n\n\n\n<li>zur Straf- und Entwicklungsreife (\u00a7\u00a7&nbsp;3, 105 JGG)<\/li>\n<\/ul>\n<\/li>\n\n\n\n<li>Glaubw\u00fcrdigkeitsgutachten<\/li>\n\n\n\n<li>Aussaget\u00fcchtigkeit eines Zeugen<\/li>\n\n\n\n<li>Testierf\u00e4higkeit<\/li>\n<\/ul>\n<\/div>\n\n\n\n<div class=\"wp-block-uagb-container uagb-block-18e49f7a\">\n<div class=\"wp-block-uagb-advanced-heading uagb-block-7b24670e\"><h2 class=\"uagb-heading-text\"><br><\/h2><\/div>\n\n\n\n<ul class=\"wp-block-list\">\n<li>Gutachten zum Betreuungs- und Unterbringungsrecht<\/li>\n\n\n\n<li>Gutachten zu Personenstands\u00e4nderungen gem\u00e4\u00df TSG<\/li>\n\n\n\n<li>Psychotherapie: Erst-, Fortf\u00fchrungs- und Umwandlungsantr\u00e4ge<\/li>\n\n\n\n<li>Sachverst\u00e4ndigengutachten zur Unfallanalyse<\/li>\n\n\n\n<li>Psychosomatische Aufnahme- und Entlassberichte<\/li>\n\n\n\n<li>Gutachten f\u00fcr die DRV<\/li>\n\n\n\n<li>Gutachten \u00c4rztlicher Dienst Agentur f\u00fcr Arbeit<\/li>\n\n\n\n<li>Gutachten zur Feststellung der Pflegebed\u00fcrftigkeit gem\u00e4\u00df Sozialgesetzbuch XI<\/li>\n\n\n\n<li>Aufnahme- und Entlassberichte Orthop\u00e4die<\/li>\n\n\n\n<li>juristischer Schriftverkehr f\u00fcr Anwaltskanzleien<\/li>\n<\/ul>\n<\/div>\n<\/div><\/div>\n\n\n\n<div class=\"wp-block-uagb-container uagb-block-c0a658ae alignfull uagb-is-root-container\"><div class=\"uagb-container-inner-blocks-wrap\"><\/div><\/div>\n\n\n\n<div class=\"wp-block-uagb-container uagb-block-f87f41ca alignfull uagb-is-root-container\"><div class=\"uagb-container-inner-blocks-wrap\">\n<div class=\"wp-block-uagb-advanced-heading uagb-block-518c00f0\"><h2 class=\"uagb-heading-text\">Ihre Daten sind bei uns sicher&#8230;<\/h2><\/div>\n\n\n\n<p>Der Datenaustausch erfolgt \u00fcber eine SSL Verschl\u00fcsselte Verbindung. Sie \u00fcbermitteln Ihre Dateien in den Audioformaten wav, dss oder mp3 und erhalten ein Word-, wunschweise PDF-Dokument zur\u00fcck. Alles \u00fcber den bequemen Weg \u00fcber den Login oder wahlweise direkte Anbindung, den Sie kennenlernen, sobald wir Ihnen einen Zugang erstellt haben.<br>Auch ein Versand an mich auf dem Postwege in Form eines USB-Sticks oder einer Speicherkarte ist m\u00f6glich, die erforderliche Hardware stelle ich Ihnen gern kostenlos zur Verf\u00fcgung. <\/p>\n\n\n\n<p>Erstkunden biete ich den Service eines kostenlosen Probeauftrags (bis zu 15 min. Bandl\u00e4nge).Selbstverst\u00e4ndlich haben Sie auch die M\u00f6glichkeit, das Diktat anonymisiert zu verfassen und die personenbezogenen Daten selbst einzuf\u00fcgen.<\/p>\n\n\n\n<p>Abgerechnet wird pro 1.000 Zeichen oder pro Bandminute und per Monatsende. <\/p>\n<\/div><\/div>\n","protected":false},"excerpt":{"rendered":"<p>Uta K\u00f6lle \u00dcber mich Fachliche Kompetenzen habe ich zun\u00e4chst durch die Ausbildung zur Arzthelferin erworben.Viele Jahre erledigte ich den medizinischen Schriftverkehr einschlie\u00dflich Gutachten f\u00fcr die Rentenversicherungstr\u00e4ger und Sozialgerichte nach Phonodiktat.W\u00e4hrend meiner darauf folgenden 16-j\u00e4hrigen T\u00e4tigkeit bei einem Rechtsanwalt war ich mit dem gesamten Schriftverkehr und allen anfallenden B\u00fcroarbeiten betraut.Mit diesen Fachkenntnissen bin ich dann den [&hellip;]<\/p>\n","protected":false},"author":1,"featured_media":0,"parent":0,"menu_order":0,"comment_status":"closed","ping_status":"closed","template":"","meta":{"_uag_custom_page_level_css":"","site-sidebar-layout":"no-sidebar","site-content-layout":"plain-container","ast-site-content-layout":"default","site-content-style":"default","site-sidebar-style":"default","ast-global-header-display":"","ast-banner-title-visibility":"","ast-main-header-display":"","ast-hfb-above-header-display":"","ast-hfb-below-header-display":"","ast-hfb-mobile-header-display":"","site-post-title":"disabled","ast-breadcrumbs-content":"","ast-featured-img":"","footer-sml-layout":"","ast-disable-related-posts":"","theme-transparent-header-meta":"enabled","adv-header-id-meta":"","stick-header-meta":"","header-above-stick-meta":"","header-main-stick-meta":"","header-below-stick-meta":"","astra-migrate-meta-layouts":"default","ast-page-background-enabled":"default","ast-page-background-meta":{"desktop":{"background-color":"var(--ast-global-color-4)","background-image":"","background-repeat":"repeat","background-position":"center center","background-size":"auto","background-attachment":"scroll","background-type":"","background-media":"","overlay-type":"","overlay-color":"","overlay-opacity":"","overlay-gradient":""},"tablet":{"background-color":"","background-image":"","background-repeat":"repeat","background-position":"center center","background-size":"auto","background-attachment":"scroll","background-type":"","background-media":"","overlay-type":"","overlay-color":"","overlay-opacity":"","overlay-gradient":""},"mobile":{"background-color":"","background-image":"","background-repeat":"repeat","background-position":"center center","background-size":"auto","background-attachment":"scroll","background-type":"","background-media":"","overlay-type":"","overlay-color":"","overlay-opacity":"","overlay-gradient":""}},"ast-content-background-meta":{"desktop":{"background-color":"var(--ast-global-color-5)","background-image":"","background-repeat":"repeat","background-position":"center center","background-size":"auto","background-attachment":"scroll","background-type":"","background-media":"","overlay-type":"","overlay-color":"","overlay-opacity":"","overlay-gradient":""},"tablet":{"background-color":"var(--ast-global-color-5)","background-image":"","background-repeat":"repeat","background-position":"center center","background-size":"auto","background-attachment":"scroll","background-type":"","background-media":"","overlay-type":"","overlay-color":"","overlay-opacity":"","overlay-gradient":""},"mobile":{"background-color":"var(--ast-global-color-5)","background-image":"","background-repeat":"repeat","background-position":"center center","background-size":"auto","background-attachment":"scroll","background-type":"","background-media":"","overlay-type":"","overlay-color":"","overlay-opacity":"","overlay-gradient":""}},"footnotes":""},"class_list":["post-615","page","type-page","status-publish","hentry"],"uagb_featured_image_src":{"full":false,"thumbnail":false,"medium":false,"medium_large":false,"large":false,"1536x1536":false,"2048x2048":false},"uagb_author_info":{"display_name":"sfadmin","author_link":"https:\/\/scriptum-factum.de\/index.php\/author\/sfadmin\/"},"uagb_comment_info":0,"uagb_excerpt":"Uta K\u00f6lle \u00dcber mich Fachliche Kompetenzen habe ich zun\u00e4chst durch die Ausbildung zur Arzthelferin erworben.Viele Jahre erledigte ich den medizinischen Schriftverkehr einschlie\u00dflich Gutachten f\u00fcr die Rentenversicherungstr\u00e4ger und Sozialgerichte nach Phonodiktat.W\u00e4hrend meiner darauf folgenden 16-j\u00e4hrigen T\u00e4tigkeit bei einem Rechtsanwalt war ich mit dem gesamten Schriftverkehr und allen anfallenden B\u00fcroarbeiten betraut.Mit diesen Fachkenntnissen bin ich dann den&hellip;","_links":{"self":[{"href":"https:\/\/scriptum-factum.de\/index.php\/wp-json\/wp\/v2\/pages\/615","targetHints":{"allow":["GET"]}}],"collection":[{"href":"https:\/\/scriptum-factum.de\/index.php\/wp-json\/wp\/v2\/pages"}],"about":[{"href":"https:\/\/scriptum-factum.de\/index.php\/wp-json\/wp\/v2\/types\/page"}],"author":[{"embeddable":true,"href":"https:\/\/scriptum-factum.de\/index.php\/wp-json\/wp\/v2\/users\/1"}],"replies":[{"embeddable":true,"href":"https:\/\/scriptum-factum.de\/index.php\/wp-json\/wp\/v2\/comments?post=615"}],"version-history":[{"count":27,"href":"https:\/\/scriptum-factum.de\/index.php\/wp-json\/wp\/v2\/pages\/615\/revisions"}],"predecessor-version":[{"id":767,"href":"https:\/\/scriptum-factum.de\/index.php\/wp-json\/wp\/v2\/pages\/615\/revisions\/767"}],"wp:attachment":[{"href":"https:\/\/scriptum-factum.de\/index.php\/wp-json\/wp\/v2\/media?parent=615"}],"curies":[{"name":"wp","href":"https:\/\/api.w.org\/{rel}","templated":true}]}}